{"id":35,"date":"2011-03-20T06:32:04","date_gmt":"2011-03-20T06:32:04","guid":{"rendered":"http:\/\/mybambooexpress.com\/espanol\/?page_id=35"},"modified":"2022-07-22T07:20:52","modified_gmt":"2022-07-22T07:20:52","slug":"servicio-de-comida","status":"publish","type":"page","link":"https:\/\/mybambooexpress.com\/espanol\/servicio-de-comida\/","title":{"rendered":"Servicio de Eventos"},"content":{"rendered":"<p>&nbsp;<\/p>\n<p><center><big><strong><u>Planeando un Evento? Bamboo Express tiene Servicio de Comida!<\/u><\/strong><\/big><br \/>\nLa misma calidad de los platillos frescos de Bamboo Express, pueden ser servidos en su pr\u00f3ximo evento<br \/>\nP\u00f3ngase en contacto con nosotros a trav\u00e9s del siguiente formulario y recibir\u00e1 un cup\u00f3n de 15% de descuento v\u00e1lido para su pr\u00f3ximo evento.<br \/>\nComida China frescas es lo que mejor sabemos hacer!<br \/>\n<div class=\"wpforms-container wpforms-container-full\" id=\"wpforms-188\"><form id=\"wpforms-form-188\" class=\"wpforms-validate wpforms-form\" data-formid=\"188\" method=\"post\" enctype=\"multipart\/form-data\" action=\"\/espanol\/wp-json\/wp\/v2\/pages\/35\" data-token=\"01eaf4077788564434f541c779de2921\" data-token-time=\"1776321230\"><noscript class=\"wpforms-error-noscript\">Please enable JavaScript in your browser to complete this form.<\/noscript><div class=\"wpforms-field-container\"><div id=\"wpforms-188-field_0-container\" class=\"wpforms-field wpforms-field-name\" data-field-id=\"0\"><label class=\"wpforms-field-label\">Name <span class=\"wpforms-required-label\">*<\/span><\/label><div class=\"wpforms-field-row wpforms-field-medium\"><div class=\"wpforms-field-row-block wpforms-first wpforms-one-half\"><input type=\"text\" id=\"wpforms-188-field_0\" class=\"wpforms-field-name-first wpforms-field-required\" name=\"wpforms[fields][0][first]\" required><label for=\"wpforms-188-field_0\" class=\"wpforms-field-sublabel after\">First<\/label><\/div><div class=\"wpforms-field-row-block wpforms-one-half\"><input type=\"text\" id=\"wpforms-188-field_0-last\" class=\"wpforms-field-name-last wpforms-field-required\" name=\"wpforms[fields][0][last]\" required><label for=\"wpforms-188-field_0-last\" class=\"wpforms-field-sublabel after\">Last<\/label><\/div><\/div><\/div><div id=\"wpforms-188-field_1-container\" class=\"wpforms-field wpforms-field-email\" data-field-id=\"1\"><label class=\"wpforms-field-label\" for=\"wpforms-188-field_1\">Email <span class=\"wpforms-required-label\">*<\/span><\/label><input type=\"email\" id=\"wpforms-188-field_1\" class=\"wpforms-field-medium wpforms-field-required\" name=\"wpforms[fields][1]\" spellcheck=\"false\" required><\/div><div id=\"wpforms-188-field_3-container\" class=\"wpforms-field wpforms-field-text\" data-field-id=\"3\"><label class=\"wpforms-field-label\" for=\"wpforms-188-field_3\">Phone # <span class=\"wpforms-required-label\">*<\/span><\/label><input type=\"text\" id=\"wpforms-188-field_3\" class=\"wpforms-field-medium wpforms-field-required\" name=\"wpforms[fields][3]\" required><\/div><div id=\"wpforms-188-field_4-container\" class=\"wpforms-field wpforms-field-text\" data-field-id=\"4\"><label class=\"wpforms-field-label\" for=\"wpforms-188-field_4\">Event Date? <span class=\"wpforms-required-label\">*<\/span><\/label><input type=\"text\" id=\"wpforms-188-field_4\" class=\"wpforms-field-medium wpforms-field-required\" name=\"wpforms[fields][4]\" required><\/div><div id=\"wpforms-188-field_5-container\" class=\"wpforms-field wpforms-field-text\" data-field-id=\"5\"><label class=\"wpforms-field-label\" for=\"wpforms-188-field_5\">Number of Guests? <span class=\"wpforms-required-label\">*<\/span><\/label><input type=\"text\" id=\"wpforms-188-field_5\" class=\"wpforms-field-medium wpforms-field-required\" name=\"wpforms[fields][5]\" required><div class=\"wpforms-field-description\">How many will be enjoying our delicious food?<\/div><\/div><div id=\"wpforms-188-field_2-container\" class=\"wpforms-field wpforms-field-textarea\" data-field-id=\"2\"><label class=\"wpforms-field-label\" for=\"wpforms-188-field_2\">Comment or Note<\/label><textarea id=\"wpforms-188-field_2\" class=\"wpforms-field-medium\" name=\"wpforms[fields][2]\" ><\/textarea><\/div><\/div><!-- .wpforms-field-container --><div class=\"wpforms-submit-container\" ><input type=\"hidden\" name=\"wpforms[id]\" value=\"188\"><input type=\"hidden\" name=\"page_title\" value=\"\"><input type=\"hidden\" name=\"page_url\" value=\"https:\/\/mybambooexpress.com\/espanol\/wp-json\/wp\/v2\/pages\/35\"><input type=\"hidden\" name=\"url_referer\" value=\"\"><button type=\"submit\" name=\"wpforms[submit]\" id=\"wpforms-submit-188\" class=\"wpforms-submit\" data-alt-text=\"Sending...\" data-submit-text=\"Submit Catering Request\" aria-live=\"assertive\" value=\"wpforms-submit\">Submit Catering Request<\/button><\/div><\/form><\/div>  <!-- .wpforms-container --><\/p>\n<script type=\"text\/javascript\">jQuery(function() { _initLayerSlider( '#layerslider_2_fa5ewny3c17x', {sliderVersion: '6.4.0', responsiveUnder: 0, layersContainer: 0, allowFullscreen: true, slideBGSize: 'auto', hideUnder: 0, hideOver: 100000, pauseOnHover: 1, cycles: 5, skin: 'glass', sliderFadeInDuration: 350, globalBGSize: 'cover', thumbnailNavigation: 'always', useSrcset: true, skinsPath: 'https:\/\/mybambooexpress.com\/espanol\/wp-content\/plugins\/LayerSlider\/assets\/static\/layerslider\/skins\/', performanceMode: true}); });<\/script><div id=\"layerslider_2_fa5ewny3c17x\"  class=\"ls-wp-container fitvidsignore ls-selectable\" style=\"width:300px;height:200px;max-width:300px;margin:0 auto;margin-bottom: 0px;\"><div class=\"ls-slide\" data-ls=\"duration:4000;\"><img loading=\"lazy\" decoding=\"async\" width=\"300\" height=\"200\" src=\"https:\/\/mybambooexpress.com\/espanol\/files\/2017\/08\/teri-chicken-p-tray-300.jpg\" class=\"ls-l ls-img-layer\" alt=\"\" style=\"width:100%;height:100%;top:0px;left:0px;\" data-ls=\"offsetxin:80;durationin:1500;offsetxout:-80;durationout:400;parallaxlevel:0;\"><img loading=\"lazy\" decoding=\"async\" width=\"300\" height=\"200\" src=\"https:\/\/mybambooexpress.com\/espanol\/files\/2017\/08\/party-fried-rice-300.jpg\" class=\"ls-l ls-img-layer\" alt=\"\" style=\"width:100%;height:100%;top:0px;left:0px;\" data-ls=\"offsetxin:80;durationin:1500;delayin:2000;offsetxout:-80;durationout:400;parallaxlevel:0;\"><img loading=\"lazy\" decoding=\"async\" width=\"300\" height=\"200\" src=\"https:\/\/mybambooexpress.com\/espanol\/files\/2017\/08\/orng-ch-party-tray-300.jpg\" class=\"ls-l ls-img-layer\" alt=\"\" style=\"width:100%;height:100%;top:0px;left:0px;\" data-ls=\"offsetxin:80;durationin:1500;delayin:4000;offsetxout:-80;durationout:400;parallaxlevel:0;\"><img loading=\"lazy\" decoding=\"async\" width=\"300\" height=\"200\" src=\"https:\/\/mybambooexpress.com\/espanol\/files\/2017\/08\/chow-mein-p-tray-300.jpg\" class=\"ls-l ls-img-layer\" alt=\"\" style=\"width:100%;height:100%;top:0px;left:0px;\" data-ls=\"offsetxin:80;durationin:1500;delayin:6000;offsetxout:-80;durationout:400;parallaxlevel:0;\"><img loading=\"lazy\" decoding=\"async\" width=\"300\" height=\"200\" src=\"https:\/\/mybambooexpress.com\/espanol\/files\/2017\/08\/broc-beefp-tray-300.jpg\" class=\"ls-l ls-img-layer\" alt=\"\" style=\"width:100%;height:100%;top:0px;left:0px;\" data-ls=\"offsetxin:80;durationin:1500;delayin:8000;offsetxout:-80;durationout:400;parallaxlevel:0;\"><\/div><\/div>\n<p>** Todos los precios est\u00e1n Sujetos a Cambios sin Notificaci\u00f3n Previa**<\/p>\n<table border=\"0\" width=\"466\" cellspacing=\"0\" cellpadding=\"0\">\n<tbody>\n<tr>\n<th colspan=\"4\" scope=\"col\" align=\"center\">&nbsp;<\/p>\n<p><u>Bandejas de Fiesta<\/u><\/th>\n<\/tr>\n<tr>\n<th scope=\"row\" width=\"164\"><\/th>\n<th scope=\"row\" width=\"96\"><\/th>\n<th scope=\"row\" align=\"center\" width=\"105\">Bandeja<\/th>\n<th scope=\"row\" align=\"center\" width=\"101\">Bandeja<\/th>\n<\/tr>\n<tr>\n<th scope=\"row\"><\/th>\n<th scope=\"row\" align=\"center\"><\/th>\n<th scope=\"row\" align=\"center\">Peque\u00f1a<\/th>\n<th scope=\"row\" align=\"center\">Grande<\/th>\n<\/tr>\n<tr>\n<th scope=\"row\"><\/th>\n<th scope=\"row\" align=\"center\"><\/th>\n<th scope=\"row\" align=\"center\">(10-12)<\/th>\n<th scope=\"row\" align=\"center\">(20-22)<\/th>\n<\/tr>\n<tr>\n<th scope=\"row\"><\/th>\n<th scope=\"row\"><\/th>\n<th scope=\"row\"><\/th>\n<th scope=\"row\"><\/th>\n<\/tr>\n<tr>\n<th scope=\"row\" align=\"left\">Arroz Frito<\/th>\n<th scope=\"row\"><\/th>\n<th scope=\"row\">$26.00<\/th>\n<th scope=\"row\">$38.00<\/th>\n<\/tr>\n<tr>\n<th scope=\"row\" align=\"left\"><\/th>\n<th scope=\"row\"><\/th>\n<th scope=\"row\"><\/th>\n<th scope=\"row\"><\/th>\n<\/tr>\n<tr>\n<th scope=\"row\" align=\"left\">Chow Mein<\/th>\n<th scope=\"row\"><\/th>\n<th scope=\"row\">$26.00<\/th>\n<th scope=\"row\">$38.00<\/th>\n<\/tr>\n<tr>\n<th scope=\"row\" align=\"left\"><\/th>\n<th scope=\"row\"><\/th>\n<th scope=\"row\"><\/th>\n<th scope=\"row\"><\/th>\n<\/tr>\n<tr>\n<th scope=\"row\" align=\"left\">Carne con Br\u00f3coli<\/th>\n<th scope=\"row\"><\/th>\n<th scope=\"row\">$29.00<\/th>\n<th scope=\"row\">$46.00<\/th>\n<\/tr>\n<tr>\n<th scope=\"row\" align=\"left\"><\/th>\n<th scope=\"row\"><\/th>\n<th scope=\"row\"><\/th>\n<th scope=\"row\"><\/th>\n<\/tr>\n<tr>\n<th scope=\"row\" align=\"left\">Carne Picante<\/th>\n<th scope=\"row\"><\/th>\n<th scope=\"row\">$29.00<\/th>\n<th scope=\"row\">$46.00<\/th>\n<\/tr>\n<tr>\n<th scope=\"row\" align=\"left\"><\/th>\n<th scope=\"row\"><\/th>\n<th scope=\"row\"><\/th>\n<th scope=\"row\"><\/th>\n<\/tr>\n<tr>\n<th scope=\"row\" align=\"left\">Pollo con Setas<\/th>\n<th scope=\"row\"><\/th>\n<th scope=\"row\">$29.00<\/th>\n<th scope=\"row\">$46.00<\/th>\n<\/tr>\n<tr>\n<th scope=\"row\" align=\"left\"><\/th>\n<th scope=\"row\"><\/th>\n<th scope=\"row\"><\/th>\n<th scope=\"row\"><\/th>\n<\/tr>\n<tr>\n<th scope=\"row\" align=\"left\">Chop Suey de Pollo<\/th>\n<th scope=\"row\"><\/th>\n<th scope=\"row\">$29.00<\/th>\n<th scope=\"row\">$46.00<\/th>\n<\/tr>\n<tr>\n<th scope=\"row\" align=\"left\"><\/th>\n<th scope=\"row\"><\/th>\n<th scope=\"row\"><\/th>\n<th scope=\"row\"><\/th>\n<\/tr>\n<tr>\n<th scope=\"row\" align=\"left\">Pollo con Ejotes<\/th>\n<th scope=\"row\"><\/th>\n<th scope=\"row\">$29.00<\/th>\n<th scope=\"row\">$46.00<\/th>\n<\/tr>\n<tr>\n<th scope=\"row\" align=\"left\"><\/th>\n<th scope=\"row\"><\/th>\n<th scope=\"row\"><\/th>\n<th scope=\"row\"><\/th>\n<\/tr>\n<tr>\n<th scope=\"row\" align=\"left\">Pollo al Curry<\/th>\n<th scope=\"row\"><\/th>\n<th scope=\"row\">$29.00<\/th>\n<th scope=\"row\">$46.00<\/th>\n<\/tr>\n<tr>\n<th scope=\"row\" align=\"left\"><\/th>\n<th scope=\"row\"><\/th>\n<th scope=\"row\"><\/th>\n<th scope=\"row\"><\/th>\n<\/tr>\n<tr>\n<th scope=\"row\" align=\"left\">Pollo Kung Pao<\/th>\n<th scope=\"row\"><\/th>\n<th scope=\"row\">$29.00<\/th>\n<th scope=\"row\">$46.00<\/th>\n<\/tr>\n<tr>\n<th scope=\"row\" align=\"left\"><\/th>\n<th scope=\"row\"><\/th>\n<th scope=\"row\"><\/th>\n<th scope=\"row\"><\/th>\n<\/tr>\n<tr>\n<th scope=\"row\" align=\"left\">Fajitas de Pollo<\/th>\n<th scope=\"row\"><\/th>\n<th scope=\"row\">$29.00<\/th>\n<th scope=\"row\">$46.00<\/th>\n<\/tr>\n<tr>\n<th scope=\"row\" align=\"left\"><\/th>\n<th scope=\"row\"><\/th>\n<th scope=\"row\"><\/th>\n<th scope=\"row\"><\/th>\n<\/tr>\n<tr>\n<th scope=\"row\" align=\"left\">Egg Rolls<\/th>\n<th scope=\"row\"><\/th>\n<th scope=\"row\">20 for $28.00<\/th>\n<th scope=\"row\">40 for $48.00<\/th>\n<\/tr>\n<tr>\n<th scope=\"row\" align=\"left\"><\/th>\n<th scope=\"row\"><\/th>\n<th scope=\"row\"><\/th>\n<th scope=\"row\"><\/th>\n<\/tr>\n<tr>\n<th scope=\"row\" align=\"left\">Carne con Papas<\/th>\n<th scope=\"row\"><\/th>\n<th scope=\"row\">$29.00<\/th>\n<th scope=\"row\">$46.00<\/th>\n<\/tr>\n<tr>\n<th scope=\"row\" align=\"left\"><\/th>\n<th scope=\"row\"><\/th>\n<th scope=\"row\"><\/th>\n<th scope=\"row\"><\/th>\n<\/tr>\n<tr>\n<th scope=\"row\" align=\"left\">Pollo a la Naranja<\/th>\n<th scope=\"row\"><\/th>\n<th scope=\"row\">$36.00<\/th>\n<th scope=\"row\">$56.00<\/th>\n<\/tr>\n<tr>\n<th scope=\"row\" align=\"left\"><\/th>\n<th scope=\"row\"><\/th>\n<th scope=\"row\"><\/th>\n<th scope=\"row\"><\/th>\n<\/tr>\n<tr>\n<th scope=\"row\" align=\"left\">Pollo Teriyaki<\/th>\n<th scope=\"row\"><\/th>\n<th scope=\"row\">$36.00<\/th>\n<th scope=\"row\">$56.00<\/th>\n<\/tr>\n<tr>\n<th scope=\"row\" align=\"left\"><\/th>\n<th scope=\"row\"><\/th>\n<th scope=\"row\"><\/th>\n<th scope=\"row\"><\/th>\n<\/tr>\n<tr>\n<th scope=\"row\" align=\"left\">Cerdo en B.B.Q.<\/th>\n<th scope=\"row\"><\/th>\n<th scope=\"row\">$36.00<\/th>\n<th scope=\"row\">$56.00<\/th>\n<\/tr>\n<tr>\n<th scope=\"row\" align=\"left\"><\/th>\n<th scope=\"row\"><\/th>\n<th scope=\"row\"><\/th>\n<th scope=\"row\"><\/th>\n<\/tr>\n<tr>\n<th scope=\"row\" align=\"left\">Costillas de B.B.Q.<\/th>\n<th scope=\"row\"><\/th>\n<th scope=\"row\">$36.00<\/th>\n<th scope=\"row\">$56.00<\/th>\n<\/tr>\n<tr>\n<th scope=\"row\" align=\"left\"><\/th>\n<th scope=\"row\"><\/th>\n<th scope=\"row\"><\/th>\n<th scope=\"row\"><\/th>\n<\/tr>\n<tr>\n<th scope=\"row\" align=\"left\">Costillas de Cerdo<\/th>\n<th scope=\"row\"><\/th>\n<th scope=\"row\">$36.00<\/th>\n<th scope=\"row\">$56.00<\/th>\n<\/tr>\n<tr>\n<th scope=\"row\" align=\"left\"><\/th>\n<th scope=\"row\"><\/th>\n<th scope=\"row\"><\/th>\n<th scope=\"row\"><\/th>\n<\/tr>\n<tr>\n<th scope=\"row\" align=\"left\">Cerdo Agridulce<\/th>\n<th scope=\"row\"><\/th>\n<th scope=\"row\">$36.00<\/th>\n<th scope=\"row\">$56.00<\/th>\n<\/tr>\n<tr>\n<th scope=\"row\" align=\"left\"><\/th>\n<th scope=\"row\"><\/th>\n<th scope=\"row\"><\/th>\n<th scope=\"row\"><\/th>\n<\/tr>\n<tr>\n<th scope=\"row\" align=\"left\">Alas de Pollo Picante<\/th>\n<th scope=\"row\">&nbsp;<\/th>\n<th scope=\"row\">40 for $33.00<\/th>\n<th scope=\"row\">80 for $53.00<\/th>\n<\/tr>\n<tr>\n<th scope=\"row\" align=\"left\"><\/th>\n<th scope=\"row\"><\/th>\n<th scope=\"row\"><\/th>\n<th scope=\"row\"><\/th>\n<\/tr>\n<tr>\n<th scope=\"row\" align=\"left\">Alas de Pollo Agridulce<\/th>\n<th scope=\"row\"><\/th>\n<th scope=\"row\">40 for $33.00<\/th>\n<th scope=\"row\">80 for $53.00<\/th>\n<\/tr>\n<tr>\n<th scope=\"row\" align=\"left\"><\/th>\n<th scope=\"row\"><\/th>\n<th scope=\"row\"><\/th>\n<th scope=\"row\"><\/th>\n<\/tr>\n<tr>\n<th scope=\"row\" align=\"left\">Ensalada de Papa<\/th>\n<th scope=\"row\"><\/th>\n<th scope=\"row\">$36.00<\/th>\n<th scope=\"row\">$56.00<\/th>\n<\/tr>\n<tr>\n<th scope=\"row\" align=\"left\"><\/th>\n<th scope=\"row\"><\/th>\n<th scope=\"row\"><\/th>\n<th scope=\"row\"><\/th>\n<\/tr>\n<tr>\n<th scope=\"row\" align=\"left\"><\/th>\n<th scope=\"row\"><\/th>\n<th scope=\"row\"><\/th>\n<th scope=\"row\"><\/th>\n<\/tr>\n<tr>\n<th scope=\"row\" align=\"left\"><\/th>\n<th scope=\"row\"><\/th>\n<th scope=\"row\"><\/th>\n<th scope=\"row\"><\/th>\n<\/tr>\n<tr>\n<th scope=\"row\" align=\"left\"><\/th>\n<th scope=\"row\"><\/th>\n<th scope=\"row\"><\/th>\n<th scope=\"row\"><\/th>\n<\/tr>\n<tr>\n<th scope=\"row\" align=\"left\"><\/th>\n<th scope=\"row\"><\/th>\n<th scope=\"row\"><\/th>\n<th scope=\"row\"><\/th>\n<\/tr>\n<\/tbody>\n<\/table>\n<p>&nbsp;<\/p>\n","protected":false},"excerpt":{"rendered":"<p>&nbsp; Planeando un Evento? Bamboo Express tiene Servicio de Comida! La misma calidad de los platillos frescos de Bamboo Express, pueden ser servidos en su pr\u00f3ximo evento P\u00f3ngase en contacto con nosotros a trav\u00e9s del siguiente formulario y recibir\u00e1 un cup\u00f3n de 15% de descuento v\u00e1lido para su pr\u00f3ximo evento. Comida China frescas es lo [&hellip;]<\/p>\n","protected":false},"author":1,"featured_media":0,"parent":0,"menu_order":6,"comment_status":"open","ping_status":"closed","template":"","meta":{"footnotes":"","_links_to":"","_links_to_target":""},"class_list":["post-35","page","type-page","status-publish","hentry"],"aioseo_notices":[],"_links":{"self":[{"href":"https:\/\/mybambooexpress.com\/espanol\/wp-json\/wp\/v2\/pages\/35","targetHints":{"allow":["GET"]}}],"collection":[{"href":"https:\/\/mybambooexpress.com\/espanol\/wp-json\/wp\/v2\/pages"}],"about":[{"href":"https:\/\/mybambooexpress.com\/espanol\/wp-json\/wp\/v2\/types\/page"}],"author":[{"embeddable":true,"href":"https:\/\/mybambooexpress.com\/espanol\/wp-json\/wp\/v2\/users\/1"}],"replies":[{"embeddable":true,"href":"https:\/\/mybambooexpress.com\/espanol\/wp-json\/wp\/v2\/comments?post=35"}],"version-history":[{"count":25,"href":"https:\/\/mybambooexpress.com\/espanol\/wp-json\/wp\/v2\/pages\/35\/revisions"}],"predecessor-version":[{"id":199,"href":"https:\/\/mybambooexpress.com\/espanol\/wp-json\/wp\/v2\/pages\/35\/revisions\/199"}],"wp:attachment":[{"href":"https:\/\/mybambooexpress.com\/espanol\/wp-json\/wp\/v2\/media?parent=35"}],"curies":[{"name":"wp","href":"https:\/\/api.w.org\/{rel}","templated":true}]}}